10
In base 12, what is -58 + 1?
-57
In base 8, what is 16 + 6?
24
In base 14, what is -4 + 11?
b
In base 10, what is 4 - 464?
-460
In base 10, what is -20 - 676?
-696
In base 10, what is -719 - -5?
-714
In base 2, what is -11000001111 + 0?
-11000001111
In base 2, what is 11 + -10001000?
-10000101
In base 11, what is -12 + 0?
-12
In base 4, what is 0 - 1010?
-1010
In base 15, what is -3 + -229?
-22c
In base 9, what is -3 - 474?
-477
In base 9, what is -800 + 0?
-800
In base 2, what is 1101101110 - 100?
1101101010
In base 5, what is 40013 + -3?
40010
In base 5, what is -31 + 414?
333
In base 5, what is 0 - 22440?
-22440
In base 16, what is 3 + a80?
a83
In base 10, what is -91 - 25?
-116
In base 8, what is 43 + 3?
46
In base 2, what is 1111 - -1011?
11010
In base 6, what is -1 + -2032?
-2033
In base 9, what is -5 + -1271?
-1276
In base 7, what is 1525 - 0?
1525
In base 15, what is -10 - 14?
-24
In base 10, what is 10 + -8?
2
In base 13, what is 3 + -1c39?
-1c36
In base 3, what is 220 - 101?
112
In base 11, what is -1729 - 0?
-1729
In base 2, what is 1011100 - 100?
1011000
In base 16, what is -4 - 4e?
-52
In base 9, what is 37 + -8?
28
In base 11, what is -5 + -38?
-42
In base 14, what is -7 - -149?
142
In base 9, what is 6 + 1530?
1536
In base 13, what is 29a - 0?
29a
In base 4, what is -3 - -1102331?
1102322
In base 16, what is -4 - -1a2?
19e
In base 14, what is 5 + -1a92?
-1a8b
In base 10, what is 14 + -1776?
-1762
In base 5, what is 140 + -13?
122
In base 4, what is 33 - 1002?
-303
In base 14, what is 3 - 2d?
-2a
In base 9, what is -8 + -1125?
-1134
In base 6, what is 5042 - 5?
5033
In base 8, what is -33 + 41?
6
In base 7, what is 0 - 5210?
-5210
In base 13, what is -b9 - 0?
-b9
In base 2, what is 11 + -1001010010?
-1001001111
In base 11, what is 2a - 335?
-306
In base 4, what is 1 + -333?
-332
In base 7, what is 23 - -41?
64
In base 3, what is -10 - -2201?
2121
In base 4, what is -110 - 100013?
-100123
In base 5, what is -240 + 12?
-223
In base 2, what is 1010 + -100?
110
In base 7, what is 12 + 404?
416
In base 9, what is 3 - -202?
205
In base 3, what is 21 - -10212?
11010
In base 2, what is -100101010101 + 0?
-100101010101
In base 14, what is -d + -1a?
-29
In base 7, what is -4 - -10446?
10442
In base 9, what is 2 - -18?
21
In base 10, what is -3 - 5788?
-5791
In base 8, what is -247 - 1?
-250
In base 8, what is -1562 - -1?
-1561
In base 4, what is 3 - -330133?
330202
In base 2, what is -10 + -1001100000?
-1001100010
In base 8, what is 0 - 171?
-171
In base 2, what is -100 - -1010111111001?
1010111110101
In base 10, what is -2 + 1630?
1628
In base 2, what is 1011001110 + -101?
1011001001
In base 16, what is 1 - -1f?
20
In base 3, what is -11221210 - 22?
-11222002
In base 14, what is 4 - -76?
7a
In base 14, what is 2 - 12b?
-129
In base 13, what is 13 - 1a?
-7
In base 3, what is 111010 + -100?
110210
In base 3, what is 1 + -10?
-2
In base 3, what is 10221212 + -100?
10221112
In base 12, what is -3 + -4?
-7
In base 11, what is 0 + 153?
153
In base 15, what is -56c + -1?
-56d
In base 13, what is -4 - -303?
2cc
In base 3, what is 112221 - 11?
112210
In base 5, what is 10 + 41332?
41342
In base 6, what is -10 - 53?
-103
In base 3, what is 1121 - 2?
1112
In base 10, what is -2 + 61?
59
In base 7, what is -15410 - 5?
-15415
In base 2, what is -10001 - 111100?
-1001101
In base 14, what is 3 + 24?
27
In base 11, what is -13 + -64?
-77
In base 3, what is 11 + -10002?
-2221
In base 2, what is -10 - -100?
10
In base 6, what is 1 - -33031?
33032
In base 13, what is 158 + -2?
156
In base 11, what is 1 + -a?
-9
In base 10, what is 0 - -413?
413
In base 2, what is -1 + 10101010?
10101001
In base 16, what is -6e - 2?
-70
In base 10, what is 444 - 5?
439
In base 4, what is -3230 + -1?
-3231
In base 6, what is -2 + -1014?
-1020
In base 13, what is -b80 - 0?
-b80
In base 9, what is 18 - -27?
46
In base 13, what is 1 - 260?
-25c
In base 2, what is -10101000 - 11?
-10101011
In base 12, what is -15 + 10?
-5
In base 6, what is -142 + -12?
-154
In base 13, what is -2 + -c7?
-c9
In base 8, what is -165 + -1?
-166
In base 14, what is -24 - 9?
-2d
In base 6, what is 0 + 20423?
20423
In base 6, what is -113011 - 5?
-113020
In base 14, what is -3 + 11c?
119
In base 3, what is -210221 + 1?
-210220
In base 15, what is 7 - a1a?
-a13
In base 14, what is -5 + -27?
-2c
In base 9, what is 1687 - 3?
1684
In base 15, what is 5 - -11?
16
In base 5, what is -103 + -1?
-104
In base 15, what is -d4 - -4?
-d0
In base 16, what is -4722 - -3?
-471f
In base 15, what is -1 + -7?
-8
In base 15, what is 389e - 0?
389e
In base 3, what is -1 - 1101?
-1102
In base 7, what is 45 - -10?
55
In base 16, what is 7 - -cb?
d2
In base 6, what is 2 - 3?
-1
In base 15, what is 3 - e?
-b
In base 16, what is -5 + -96?
-9b
In base 8, what is -2 + 76?
74
In base 11, what is 3 + -23?
-20
In base 8, what is 17602 - 5?
17575
In base 9, what is -5 - 176?
-182
In base 7, what is 13 + -10?
3
In base 2, what is -101101110 - -11?
-101101011
In base 16, what is -1 + -33?
-34
In base 7, what is -440 + 0?
-440
In base 11, what is 0 + -27?
-27
In base 10, what is 21437 - -4?
21441
In base 8, what is 414 + -2?
412
In base 12, what is 5 - -135?
13a
In base 8, what is -2 + -14?
-16
In base 10, what is 4 - -231?
235
In base 8, what is 1034 - -1?
1035
In base 6, what is 453 + 0?
453
In base 9, what is 127 - 5?
122
In base 15, what is 2 + 6b?
6d
In base 6, what is 131 + 11?
142
In base 5, what is 234240 - 0?
234240
In base 12, what is -64 - -1?
-63
In base 8, what is 601 - -5?
606
In base 5, what is 1 - 13033?
-13032
In base 2, what is -101101110 - 101?
-101110011
In base 14, what is 6 + -23b?
-235
In base 5, what is 1 + -11421?
-11420
In base 3, what is -10 - -122100?
122020
In base 5, what is -3203 - 4?
-3212
In base 10, what is -139 + -8?
-147
In base 13, what is 76c + -2?
76a
In base 2, what is -10 - 100000010?
-100000100
In base 3, what is -100020 + 1201?
-21112
In base 16, what is d - -5?
12
In base 16, what is 62d + -1?
62c
In base 3, what is -1001202 + 0?
-1001202
In base 2, what is 100100001 - -110?
100100111
In base 14, what is 5 + d07?
d0c
In base 2, what is 1 - 110011001100?
-110011001011
In base 11, what is -867 + 2?
-865
In base 15, what is 21 - 44?
-23
In base 11, what is -1481 - -5?
-1477
In base 7, what is 6 - 55?
-46
In base 6, what is -32012 + 3?
-32005
In base 4, what is -22023 - -102?
-21321
In base 4, what is -1 + 1032?
1031
In base 12, what is -5 - -992?
989
In base 6, what is -30 + -52?
-122
In base 5, what is 112 + -14?
43
In base 14, what is dd + 8?
107
In base 13, what is -1 + 31a?
319
In base 3, what is 0 + 1001?
1001
In base 12, what is -11 + -33?
-44
In base 2, what is -10 + 111001011?
111001001
In base 9, what is -485 - -2?
-483
In base 2, what is -101000 + -1001110?
-1110110
In base 12, what is 1 + -261?
-260
In base 16, what is 0 - -11e?
11e
In base 2, what is 100 - 1111101001100?
-1111101001000
In base 15, what is 2a - 43?
-18
In base 6, what is -2135 - 131?
-2310
In base 7, what is 2 - 14653?
-14651
In base 6, what is -23 - -14?
-5
In base 10, what is -5 - 85?
-90
In base 3, what is 11110 + -1202?
2201
In base 3, what is -121 - -1010?
112
In base 4, what is -301 + 3231?
2330
In base 16, what is -1 - -96?
95
In base 10, what is 31 - 0?
31
In base 12, what is 11 - -aa?
bb
In base 15, what is -5 + 0?
-5
In base 4, what is 0 + 1002?
1002
In base 8, what is 154 + 0?
154
In base 11, what is -5 - -a?
5
In base 2, what is -1 - -1001000?
1000111
In base 7, what is 2 + -113?
-111
In base 2, what is 11 - -1011110?
1100001
In base 9, what is -3 + -1?
-4
In base 4, what is 2013 - 11?
2002
In base 14, what is 0 + -29?
-29
In base 14, what is 2 + 3b?
3d
In base 10, what is -133 - 6?
-139
In base 2, what is 111100000111111 - -11?
111100001000010
In base 9, what is -32 - -154?
122
In base 5, what is -4 - -14311?
14302
In base 14, what is 148 - -2?
14a
In base 7, what is -36 + 210?
141
In base 4, what is -3 + 3131?
3122
In base 15, what is 5 + -ba?
-b5
In base 6, what is 4 - 241?
-233
In base 10, what is 54 + 5?
59
In base 6, what is -2015 + -1?
-2020
In base 10, what is 6 - 5553?
-5547
In base 3, what is 122022 - 1?
122021
In base 14, what is 56 - -4?
5a
In base 3, what is -11201 + 21?
-11110
In base